{"id":4306,"date":"2023-11-09T23:42:14","date_gmt":"2023-11-09T22:42:14","guid":{"rendered":"https:\/\/sosa.sk\/?page_id=4306"},"modified":"2023-11-15T14:32:34","modified_gmt":"2023-11-15T13:32:34","slug":"sluzby","status":"publish","type":"page","link":"https:\/\/sosa.sk\/?page_id=4306","title":{"rendered":"Slu\u017eby"},"content":{"rendered":"\t\t<div data-elementor-type=\"wp-page\" data-elementor-id=\"4306\" class=\"elementor elementor-4306\">\n\t\t\t\t<div class=\"elementor-element elementor-element-2ed8361 e-flex e-con-boxed e-con e-parent\" data-id=\"2ed8361\" data-element_type=\"container\">\n\t\t\t\t\t<div class=\"e-con-inner\">\n\t\t\t\t<div class=\"elementor-element elementor-element-3d955cd elementor-widget elementor-widget-wgl-portfolio\" data-id=\"3d955cd\" data-element_type=\"widget\" data-widget_type=\"wgl-portfolio.default\">\n\t\t\t\t<div class=\"elementor-widget-container\">\n\t\t\t<section class=\"wgl_cpt_section\"><div class=\"wgl-portfolio\" id=\"portfolio_module_69f4a8879bd02\"><div class=\"wgl-portfolio_wrapper\"><div class=\"wgl-portfolio_container container-grid row grid col-3\"><\/div><\/div><\/div><\/section>\t\t<\/div>\n\t\t\t\t<\/div>\n\t\t\t\t\t<\/div>\n\t\t\t\t<\/div>\n\t\t<div class=\"elementor-element elementor-element-92c73ab e-flex e-con-boxed e-con e-parent\" data-id=\"92c73ab\" data-element_type=\"container\">\n\t\t\t\t\t<div class=\"e-con-inner\">\n\t\t\t\t<div class=\"elementor-element elementor-element-610be36 elementor-widget elementor-widget-wgl-blog\" data-id=\"610be36\" data-element_type=\"widget\" data-settings=\"{&quot;blog_columns&quot;:&quot;4&quot;}\" data-widget_type=\"wgl-blog.default\">\n\t\t\t\t<div class=\"elementor-widget-container\">\n\t\t\t<section class=\"wgl_cpt_section\"><div class=\"blog-posts\"><div class=\"container-grid row blog_columns-3 grid blog-style-standard\">    <div class=\"item wgl_col-4\">\r\n    <div class=\"blog-post format-standard-image\">\r\n    <div class=\"blog-post_wrapper\"><div class=\"blog-post_media\"><div class=\"blog-post_media_part\"><a href=\"https:\/\/sosa.sk\/?p=4801\" class=\"media-link image-overlay\"><img decoding=\"async\" src=\"https:\/\/sosa.sk\/wp-content\/uploads\/2023\/11\/kozmonautika_sk-740x740.jpg\" alt=\"kozmonautika_sk\"><\/a><\/div><\/div>    <div class=\"blog-post_content\"><h3 class=\"blog-post_title\"><a href=\"https:\/\/sosa.sk\/?p=4801\">Informa\u010dn\u00fd port\u00e1l<\/a><\/h3><div class=\"clear\"><\/div><div class=\"blog-post_footer\">    <\/div>\r\n    <\/div>\r\n    <\/div>\r\n    <\/div>\r\n    <\/div>    <div class=\"item wgl_col-4\">\r\n    <div class=\"blog-post format-standard-image\">\r\n    <div class=\"blog-post_wrapper\"><div class=\"blog-post_media\"><div class=\"blog-post_media_part\"><a href=\"https:\/\/sosa.sk\/?p=4798\" class=\"media-link image-overlay\"><img decoding=\"async\" src=\"https:\/\/sosa.sk\/wp-content\/uploads\/2023\/11\/projektove-poradenstvo-cover-740x740.jpg\" alt=\"projektove-poradenstvo-cover\"><\/a><\/div><\/div>    <div class=\"blog-post_content\"><h3 class=\"blog-post_title\"><a href=\"https:\/\/sosa.sk\/?p=4798\">Projektov\u00e9 poradenstvo<\/a><\/h3><div class=\"clear\"><\/div><div class=\"blog-post_footer\">    <\/div>\r\n    <\/div>\r\n    <\/div>\r\n    <\/div>\r\n    <\/div>    <div class=\"item wgl_col-4\">\r\n    <div class=\"blog-post format-standard-image\">\r\n    <div class=\"blog-post_wrapper\"><div class=\"blog-post_media\"><div class=\"blog-post_media_part\"><a href=\"https:\/\/sosa.sk\/?p=4794\" class=\"media-link image-overlay\"><img decoding=\"async\" src=\"https:\/\/sosa.sk\/wp-content\/uploads\/2023\/11\/blank-740x740.jpg\" alt=\"blank\"><\/a><\/div><\/div>    <div class=\"blog-post_content\"><h3 class=\"blog-post_title\"><a href=\"https:\/\/sosa.sk\/?p=4794\">Technol\u00f3gie a zariadenia na testovanie a v\u00fdvoj<\/a><\/h3><div class=\"clear\"><\/div><div class=\"blog-post_footer\">    <\/div>\r\n    <\/div>\r\n    <\/div>\r\n    <\/div>\r\n    <\/div>    <div class=\"item wgl_col-4\">\r\n    <div class=\"blog-post format-standard-image\">\r\n    <div class=\"blog-post_wrapper\"><div class=\"blog-post_media\"><div class=\"blog-post_media_part\"><a href=\"https:\/\/sosa.sk\/?p=4786\" class=\"media-link image-overlay\"><img decoding=\"async\" src=\"https:\/\/sosa.sk\/wp-content\/uploads\/2023\/11\/stratosfericka-sonda-740x740.jpg\" alt=\"stratosfericka-sonda\"><\/a><\/div><\/div>    <div class=\"blog-post_content\"><h3 class=\"blog-post_title\"><a href=\"https:\/\/sosa.sk\/?p=4786\">Komplexn\u00fd v\u00fdvoj syst\u00e9mov<\/a><\/h3><div class=\"clear\"><\/div><div class=\"blog-post_footer\">    <\/div>\r\n    <\/div>\r\n    <\/div>\r\n    <\/div>\r\n    <\/div>    <div class=\"item wgl_col-4\">\r\n    <div class=\"blog-post format-standard-image\">\r\n    <div class=\"blog-post_wrapper\"><div class=\"blog-post_media\"><div class=\"blog-post_media_part\"><a href=\"https:\/\/sosa.sk\/?p=4548\" class=\"media-link image-overlay\"><img decoding=\"async\" src=\"https:\/\/sosa.sk\/wp-content\/uploads\/2023\/11\/sosa-vzdelavanie-3-740x740.jpg\" alt=\"sosa-vzdelavanie-3\"><\/a><\/div><\/div>    <div class=\"blog-post_content\"><h3 class=\"blog-post_title\"><a href=\"https:\/\/sosa.sk\/?p=4548\">Populariz\u00e1cia a vzdel\u00e1vanie<\/a><\/h3><div class=\"clear\"><\/div><div class=\"blog-post_footer\">    <\/div>\r\n    <\/div>\r\n    <\/div>\r\n    <\/div>\r\n    <\/div><\/div><\/div><\/section>\t\t<\/div>\n\t\t\t\t<\/div>\n\t\t\t\t\t<\/div>\n\t\t\t\t<\/div>\n\t\t\t\t<\/div>\n\t\t","protected":false},"excerpt":{"rendered":"<p>Populariz\u00e1cia a vzdel\u00e1vanie<\/p>\n","protected":false},"author":1,"featured_media":0,"parent":0,"menu_order":0,"comment_status":"closed","ping_status":"closed","template":"","meta":{"footnotes":""},"class_list":["post-4306","page","type-page","status-publish","hentry"],"yoast_head":"<!-- This site is optimized with the Yoast SEO plugin v26.9 - https:\/\/yoast.com\/product\/yoast-seo-wordpress\/ -->\n<title>Slu\u017eby - Slovensk\u00e1 organiz\u00e1cia pre vesm\u00edrne aktivity<\/title>\n<meta name=\"robots\" content=\"index, follow, max-snippet:-1, max-image-preview:large, max-video-preview:-1\" \/>\n<link rel=\"canonical\" href=\"https:\/\/sosa.sk\/?page_id=4306\" \/>\n<meta property=\"og:locale\" content=\"sk_SK\" \/>\n<meta property=\"og:type\" content=\"article\" \/>\n<meta property=\"og:title\" content=\"Slu\u017eby - Slovensk\u00e1 organiz\u00e1cia pre vesm\u00edrne aktivity\" \/>\n<meta property=\"og:description\" content=\"Populariz\u00e1cia a vzdel\u00e1vanie\" \/>\n<meta property=\"og:url\" content=\"https:\/\/sosa.sk\/?page_id=4306\" \/>\n<meta property=\"og:site_name\" content=\"Slovensk\u00e1 organiz\u00e1cia pre vesm\u00edrne aktivity\" \/>\n<meta property=\"article:modified_time\" content=\"2023-11-15T13:32:34+00:00\" \/>\n<meta property=\"og:image\" content=\"https:\/\/sosa.sk\/wp-content\/uploads\/2023\/11\/sosa-vzdelavanie-3-740x740.jpg\" \/>\n<meta name=\"twitter:card\" content=\"summary_large_image\" \/>\n<meta name=\"twitter:label1\" content=\"Predpokladan\u00fd \u010das \u010d\u00edtania\" \/>\n\t<meta name=\"twitter:data1\" content=\"1 min\u00fata\" \/>\n<script type=\"application\/ld+json\" class=\"yoast-schema-graph\">{\"@context\":\"https:\/\/schema.org\",\"@graph\":[{\"@type\":\"WebPage\",\"@id\":\"https:\/\/sosa.sk\/?page_id=4306\",\"url\":\"https:\/\/sosa.sk\/?page_id=4306\",\"name\":\"Slu\u017eby - Slovensk\u00e1 organiz\u00e1cia pre vesm\u00edrne aktivity\",\"isPartOf\":{\"@id\":\"https:\/\/sosa.sk\/#website\"},\"primaryImageOfPage\":{\"@id\":\"https:\/\/sosa.sk\/?page_id=4306#primaryimage\"},\"image\":{\"@id\":\"https:\/\/sosa.sk\/?page_id=4306#primaryimage\"},\"thumbnailUrl\":\"https:\/\/sosa.sk\/wp-content\/uploads\/2023\/11\/sosa-vzdelavanie-3-740x740.jpg\",\"datePublished\":\"2023-11-09T22:42:14+00:00\",\"dateModified\":\"2023-11-15T13:32:34+00:00\",\"breadcrumb\":{\"@id\":\"https:\/\/sosa.sk\/?page_id=4306#breadcrumb\"},\"inLanguage\":\"sk-SK\",\"potentialAction\":[{\"@type\":\"ReadAction\",\"target\":[\"https:\/\/sosa.sk\/?page_id=4306\"]}]},{\"@type\":\"ImageObject\",\"inLanguage\":\"sk-SK\",\"@id\":\"https:\/\/sosa.sk\/?page_id=4306#primaryimage\",\"url\":\"https:\/\/sosa.sk\/wp-content\/uploads\/2023\/11\/sosa-vzdelavanie-3.jpg\",\"contentUrl\":\"https:\/\/sosa.sk\/wp-content\/uploads\/2023\/11\/sosa-vzdelavanie-3.jpg\",\"width\":2048,\"height\":1367},{\"@type\":\"BreadcrumbList\",\"@id\":\"https:\/\/sosa.sk\/?page_id=4306#breadcrumb\",\"itemListElement\":[{\"@type\":\"ListItem\",\"position\":1,\"name\":\"Domovsk\u00e1 str\u00e1nka\",\"item\":\"https:\/\/sosa.sk\/\"},{\"@type\":\"ListItem\",\"position\":2,\"name\":\"Slu\u017eby\"}]},{\"@type\":\"WebSite\",\"@id\":\"https:\/\/sosa.sk\/#website\",\"url\":\"https:\/\/sosa.sk\/\",\"name\":\"Slovensk\u00e1 organiz\u00e1cia pre vesm\u00edrne aktivity\",\"description\":\"Slovensk\u00e1 organiz\u00e1cia pre vesm\u00edrne aktivity vznikla v roku 2009 z iniciat\u00edvy nieko\u013ek\u00fdch mlad\u00fdch \u013eud\u00ed ako ob\u010dianske zdru\u017eenie. Po vzore a sk\u00fasenostiach zo zahrani\u010dia sme chceli vytvori\u0165 priestor, ktor\u00fd bude sp\u00e1ja\u0165 \u0161tudentov, v\u00fdskumn\u00edkov, amat\u00e9rov \u2013 \u013eud\u00ed r\u00f4zneho veku a vzdelania, no so spolo\u010dnou v\u00e1\u0161\u0148ou, ktorou je vesm\u00edr.\",\"potentialAction\":[{\"@type\":\"SearchAction\",\"target\":{\"@type\":\"EntryPoint\",\"urlTemplate\":\"https:\/\/sosa.sk\/?s={search_term_string}\"},\"query-input\":{\"@type\":\"PropertyValueSpecification\",\"valueRequired\":true,\"valueName\":\"search_term_string\"}}],\"inLanguage\":\"sk-SK\"}]}<\/script>\n<!-- \/ Yoast SEO plugin. -->","yoast_head_json":{"title":"Slu\u017eby - Slovensk\u00e1 organiz\u00e1cia pre vesm\u00edrne aktivity","robots":{"index":"index","follow":"follow","max-snippet":"max-snippet:-1","max-image-preview":"max-image-preview:large","max-video-preview":"max-video-preview:-1"},"canonical":"https:\/\/sosa.sk\/?page_id=4306","og_locale":"sk_SK","og_type":"article","og_title":"Slu\u017eby - Slovensk\u00e1 organiz\u00e1cia pre vesm\u00edrne aktivity","og_description":"Populariz\u00e1cia a vzdel\u00e1vanie","og_url":"https:\/\/sosa.sk\/?page_id=4306","og_site_name":"Slovensk\u00e1 organiz\u00e1cia pre vesm\u00edrne aktivity","article_modified_time":"2023-11-15T13:32:34+00:00","og_image":[{"url":"https:\/\/sosa.sk\/wp-content\/uploads\/2023\/11\/sosa-vzdelavanie-3-740x740.jpg","type":"","width":"","height":""}],"twitter_card":"summary_large_image","twitter_misc":{"Predpokladan\u00fd \u010das \u010d\u00edtania":"1 min\u00fata"},"schema":{"@context":"https:\/\/schema.org","@graph":[{"@type":"WebPage","@id":"https:\/\/sosa.sk\/?page_id=4306","url":"https:\/\/sosa.sk\/?page_id=4306","name":"Slu\u017eby - Slovensk\u00e1 organiz\u00e1cia pre vesm\u00edrne aktivity","isPartOf":{"@id":"https:\/\/sosa.sk\/#website"},"primaryImageOfPage":{"@id":"https:\/\/sosa.sk\/?page_id=4306#primaryimage"},"image":{"@id":"https:\/\/sosa.sk\/?page_id=4306#primaryimage"},"thumbnailUrl":"https:\/\/sosa.sk\/wp-content\/uploads\/2023\/11\/sosa-vzdelavanie-3-740x740.jpg","datePublished":"2023-11-09T22:42:14+00:00","dateModified":"2023-11-15T13:32:34+00:00","breadcrumb":{"@id":"https:\/\/sosa.sk\/?page_id=4306#breadcrumb"},"inLanguage":"sk-SK","potentialAction":[{"@type":"ReadAction","target":["https:\/\/sosa.sk\/?page_id=4306"]}]},{"@type":"ImageObject","inLanguage":"sk-SK","@id":"https:\/\/sosa.sk\/?page_id=4306#primaryimage","url":"https:\/\/sosa.sk\/wp-content\/uploads\/2023\/11\/sosa-vzdelavanie-3.jpg","contentUrl":"https:\/\/sosa.sk\/wp-content\/uploads\/2023\/11\/sosa-vzdelavanie-3.jpg","width":2048,"height":1367},{"@type":"BreadcrumbList","@id":"https:\/\/sosa.sk\/?page_id=4306#breadcrumb","itemListElement":[{"@type":"ListItem","position":1,"name":"Domovsk\u00e1 str\u00e1nka","item":"https:\/\/sosa.sk\/"},{"@type":"ListItem","position":2,"name":"Slu\u017eby"}]},{"@type":"WebSite","@id":"https:\/\/sosa.sk\/#website","url":"https:\/\/sosa.sk\/","name":"Slovensk\u00e1 organiz\u00e1cia pre vesm\u00edrne aktivity","description":"Slovensk\u00e1 organiz\u00e1cia pre vesm\u00edrne aktivity vznikla v roku 2009 z iniciat\u00edvy nieko\u013ek\u00fdch mlad\u00fdch \u013eud\u00ed ako ob\u010dianske zdru\u017eenie. Po vzore a sk\u00fasenostiach zo zahrani\u010dia sme chceli vytvori\u0165 priestor, ktor\u00fd bude sp\u00e1ja\u0165 \u0161tudentov, v\u00fdskumn\u00edkov, amat\u00e9rov \u2013 \u013eud\u00ed r\u00f4zneho veku a vzdelania, no so spolo\u010dnou v\u00e1\u0161\u0148ou, ktorou je vesm\u00edr.","potentialAction":[{"@type":"SearchAction","target":{"@type":"EntryPoint","urlTemplate":"https:\/\/sosa.sk\/?s={search_term_string}"},"query-input":{"@type":"PropertyValueSpecification","valueRequired":true,"valueName":"search_term_string"}}],"inLanguage":"sk-SK"}]}},"_links":{"self":[{"href":"https:\/\/sosa.sk\/index.php?rest_route=\/wp\/v2\/pages\/4306","targetHints":{"allow":["GET"]}}],"collection":[{"href":"https:\/\/sosa.sk\/index.php?rest_route=\/wp\/v2\/pages"}],"about":[{"href":"https:\/\/sosa.sk\/index.php?rest_route=\/wp\/v2\/types\/page"}],"author":[{"embeddable":true,"href":"https:\/\/sosa.sk\/index.php?rest_route=\/wp\/v2\/users\/1"}],"replies":[{"embeddable":true,"href":"https:\/\/sosa.sk\/index.php?rest_route=%2Fwp%2Fv2%2Fcomments&post=4306"}],"version-history":[{"count":0,"href":"https:\/\/sosa.sk\/index.php?rest_route=\/wp\/v2\/pages\/4306\/revisions"}],"wp:attachment":[{"href":"https:\/\/sosa.sk\/index.php?rest_route=%2Fwp%2Fv2%2Fmedia&parent=4306"}],"curies":[{"name":"wp","href":"https:\/\/api.w.org\/{rel}","templated":true}]}}