{"id":4302,"date":"2023-11-09T23:41:38","date_gmt":"2023-11-09T22:41:38","guid":{"rendered":"https:\/\/sosa.sk\/?page_id=4302"},"modified":"2024-01-10T13:49:55","modified_gmt":"2024-01-10T12:49:55","slug":"nasi-clenovia","status":"publish","type":"page","link":"https:\/\/sosa.sk\/?page_id=4302","title":{"rendered":"Na\u0161i \u010dlenovia"},"content":{"rendered":"\t\t<div data-elementor-type=\"wp-page\" data-elementor-id=\"4302\" class=\"elementor elementor-4302\">\n\t\t\t\t<div class=\"elementor-element elementor-element-104604f e-flex e-con-boxed e-con e-parent\" data-id=\"104604f\" data-element_type=\"container\">\n\t\t\t\t\t<div class=\"e-con-inner\">\n\t\t\t\t<div class=\"elementor-element elementor-element-4c1fda8 elementor-widget elementor-widget-wgl-blog\" data-id=\"4c1fda8\" data-element_type=\"widget\" data-settings=\"{&quot;blog_columns&quot;:&quot;4&quot;}\" data-widget_type=\"wgl-blog.default\">\n\t\t\t\t<div class=\"elementor-widget-container\">\n\t\t\t<section class=\"wgl_cpt_section\"><div class=\"blog-posts\"><div class=\"container-grid row blog_columns-3 grid blog-style-standard\">    <div class=\"item wgl_col-4\">\r\n    <div class=\"blog-post format-standard-image\">\r\n    <div class=\"blog-post_wrapper\"><div class=\"blog-post_media\"><div class=\"blog-post_media_part\"><a href=\"https:\/\/sosa.sk\/?p=4366\" class=\"media-link image-overlay\"><img decoding=\"async\" src=\"https:\/\/sosa.sk\/wp-content\/uploads\/2023\/11\/1-300x300.jpeg\" alt=\"1\"><\/a><\/div><\/div>    <div class=\"blog-post_content\"><h3 class=\"blog-post_title\"><a href=\"https:\/\/sosa.sk\/?p=4366\">Jakub Kapu\u0161<\/a><\/h3><div class=\"blog-post_text\">Predseda SOSA<\/div><div class=\"clear\"><\/div><div class=\"blog-post_footer\">    <\/div>\r\n    <\/div>\r\n    <\/div>\r\n    <\/div>\r\n    <\/div>    <div class=\"item wgl_col-4\">\r\n    <div class=\"blog-post format-standard-image\">\r\n    <div class=\"blog-post_wrapper\"><div class=\"blog-post_media\"><div class=\"blog-post_media_part\"><a href=\"https:\/\/sosa.sk\/?p=4390\" class=\"media-link image-overlay\"><img decoding=\"async\" src=\"https:\/\/sosa.sk\/wp-content\/uploads\/2023\/11\/katarina_molnarova_clen_sosa-300x300.jpg\" alt=\"katarina_molnarova_clen_sosa\"><\/a><\/div><\/div>    <div class=\"blog-post_content\"><h3 class=\"blog-post_title\"><a href=\"https:\/\/sosa.sk\/?p=4390\">Katar\u00edna Moln\u00e1rov\u00e1<\/a><\/h3><div class=\"blog-post_text\">Podpredsedn\u00ed\u010dka SOSA<\/div><div class=\"clear\"><\/div><div class=\"blog-post_footer\">    <\/div>\r\n    <\/div>\r\n    <\/div>\r\n    <\/div>\r\n    <\/div>    <div class=\"item wgl_col-4\">\r\n    <div class=\"blog-post format-standard-image\">\r\n    <div class=\"blog-post_wrapper\"><div class=\"blog-post_media\"><div class=\"blog-post_media_part\"><a href=\"https:\/\/sosa.sk\/?p=5003\" class=\"media-link image-overlay\"><img decoding=\"async\" src=\"https:\/\/sosa.sk\/wp-content\/uploads\/2024\/12\/Ondrej_1-300x300.jpg\" alt=\"Ondrej_1\"><\/a><\/div><\/div>    <div class=\"blog-post_content\"><h3 class=\"blog-post_title\"><a href=\"https:\/\/sosa.sk\/?p=5003\">Ondrej Farkas<\/a><\/h3><div class=\"blog-post_text\">Podpredseda SOSA<\/div><div class=\"clear\"><\/div><div class=\"blog-post_footer\">    <\/div>\r\n    <\/div>\r\n    <\/div>\r\n    <\/div>\r\n    <\/div>    <div class=\"item wgl_col-4\">\r\n    <div class=\"blog-post format-standard-image\">\r\n    <div class=\"blog-post_wrapper\"><div class=\"blog-post_media\"><div class=\"blog-post_media_part\"><a href=\"https:\/\/sosa.sk\/?p=5010\" class=\"media-link image-overlay\"><img decoding=\"async\" src=\"https:\/\/sosa.sk\/wp-content\/uploads\/2024\/12\/matus-300x300.jpg\" alt=\"mat\u00fa\u0161\"><\/a><\/div><\/div>    <div class=\"blog-post_content\"><h3 class=\"blog-post_title\"><a href=\"https:\/\/sosa.sk\/?p=5010\">Mat\u00fa\u0161 Toderi\u0161ka<\/a><\/h3><div class=\"blog-post_text\">Tajomn\u00edk SOSA<\/div><div class=\"clear\"><\/div><div class=\"blog-post_footer\">    <\/div>\r\n    <\/div>\r\n    <\/div>\r\n    <\/div>\r\n    <\/div>    <div class=\"item wgl_col-4\">\r\n    <div class=\"blog-post format-standard-image\">\r\n    <div class=\"blog-post_wrapper\"><div class=\"blog-post_media\"><div class=\"blog-post_media_part\"><a href=\"https:\/\/sosa.sk\/?p=4369\" class=\"media-link image-overlay\"><img decoding=\"async\" src=\"https:\/\/sosa.sk\/wp-content\/uploads\/2023\/11\/norbert_werner_clen_sosa-300x300.jpg\" alt=\"norbert_werner_clen_sosa\"><\/a><\/div><\/div>    <div class=\"blog-post_content\"><h3 class=\"blog-post_title\"><a href=\"https:\/\/sosa.sk\/?p=4369\">Norbert Werner<\/a><\/h3><div class=\"blog-post_text\">Ambas\u00e1dor SOSA<\/div><div class=\"clear\"><\/div><div class=\"blog-post_footer\">    <\/div>\r\n    <\/div>\r\n    <\/div>\r\n    <\/div>\r\n    <\/div>    <div class=\"item wgl_col-4\">\r\n    <div class=\"blog-post format-standard-image\">\r\n    <div class=\"blog-post_wrapper\"><div class=\"blog-post_media\"><div class=\"blog-post_media_part\"><a href=\"https:\/\/sosa.sk\/?p=4372\" class=\"media-link image-overlay\"><img decoding=\"async\" src=\"https:\/\/sosa.sk\/wp-content\/uploads\/2023\/11\/libor_lenza_clen_sosa-300x300.jpg\" alt=\"OLYMPUS DIGITAL CAMERA\"><\/a><\/div><\/div>    <div class=\"blog-post_content\"><h3 class=\"blog-post_title\"><a href=\"https:\/\/sosa.sk\/?p=4372\">Libor Len\u017ea<\/a><\/h3><div class=\"blog-post_text\">Ambas\u00e1dor SOSA<\/div><div class=\"clear\"><\/div><div class=\"blog-post_footer\">    <\/div>\r\n    <\/div>\r\n    <\/div>\r\n    <\/div>\r\n    <\/div>    <div class=\"item wgl_col-4\">\r\n    <div class=\"blog-post format-standard-image\">\r\n    <div class=\"blog-post_wrapper\"><div class=\"blog-post_media\"><div class=\"blog-post_media_part\"><a href=\"https:\/\/sosa.sk\/?p=4384\" class=\"media-link image-overlay\"><img decoding=\"async\" src=\"https:\/\/sosa.sk\/wp-content\/uploads\/2023\/11\/monika_kubicakova_clen_sosa-300x300.jpg\" alt=\"monika_kubicakova_clen_sosa\"><\/a><\/div><\/div>    <div class=\"blog-post_content\"><h3 class=\"blog-post_title\"><a href=\"https:\/\/sosa.sk\/?p=4384\">Monika Kubi\u010d\u00e1kov\u00e1<\/a><\/h3><div class=\"blog-post_text\">Kontrol\u00f3rka SOSA<\/div><div class=\"clear\"><\/div><div class=\"blog-post_footer\">    <\/div>\r\n    <\/div>\r\n    <\/div>\r\n    <\/div>\r\n    <\/div>    <div class=\"item wgl_col-4\">\r\n    <div class=\"blog-post format-standard-image\">\r\n    <div class=\"blog-post_wrapper\"><div class=\"blog-post_media\"><div class=\"blog-post_media_part\"><a href=\"https:\/\/sosa.sk\/?p=5007\" class=\"media-link image-overlay\"><img decoding=\"async\" src=\"https:\/\/sosa.sk\/wp-content\/uploads\/2024\/12\/Hanka-e1734612882707-300x300.png\" alt=\"Hanka\"><\/a><\/div><\/div>    <div class=\"blog-post_content\"><h3 class=\"blog-post_title\"><a href=\"https:\/\/sosa.sk\/?p=5007\">Hanka Partelov\u00e1<\/a><\/h3><div class=\"blog-post_text\">\u010clenka SOSA<\/div><div class=\"clear\"><\/div><div class=\"blog-post_footer\">    <\/div>\r\n    <\/div>\r\n    <\/div>\r\n    <\/div>\r\n    <\/div>    <div class=\"item wgl_col-4\">\r\n    <div class=\"blog-post format-standard-image\">\r\n    <div class=\"blog-post_wrapper\"><div class=\"blog-post_media\"><div class=\"blog-post_media_part\"><a href=\"https:\/\/sosa.sk\/?p=5033\" class=\"media-link image-overlay\"><img decoding=\"async\" src=\"https:\/\/sosa.sk\/wp-content\/uploads\/2025\/03\/Spacerka-e1743423927609-300x300.jpg\" alt=\"Spacerka\"><\/a><\/div><\/div>    <div class=\"blog-post_content\"><h3 class=\"blog-post_title\"><a href=\"https:\/\/sosa.sk\/?p=5033\">Tereza Debn\u00e1rov\u00e1 (Spacerka)<\/a><\/h3><div class=\"blog-post_text\">\u010clenka SOSA<\/div><div class=\"clear\"><\/div><div class=\"blog-post_footer\">    <\/div>\r\n    <\/div>\r\n    <\/div>\r\n    <\/div>\r\n    <\/div>    <div class=\"item wgl_col-4\">\r\n    <div class=\"blog-post format-standard-image\">\r\n    <div class=\"blog-post_wrapper\"><div class=\"blog-post_media\"><div class=\"blog-post_media_part\"><a href=\"https:\/\/sosa.sk\/?p=5036\" class=\"media-link image-overlay\"><img decoding=\"async\" src=\"https:\/\/sosa.sk\/wp-content\/uploads\/2023\/11\/adrian-tomasek-300x300.png\" alt=\"adri\u00e1n tom\u00e1\u0161ek\"><\/a><\/div><\/div>    <div class=\"blog-post_content\"><h3 class=\"blog-post_title\"><a href=\"https:\/\/sosa.sk\/?p=5036\">Adri\u00e1n Tom\u00e1\u0161ek<\/a><\/h3><div class=\"blog-post_text\">\u010clen SOSA<\/div><div class=\"clear\"><\/div><div class=\"blog-post_footer\">    <\/div>\r\n    <\/div>\r\n    <\/div>\r\n    <\/div>\r\n    <\/div>    <div class=\"item wgl_col-4\">\r\n    <div class=\"blog-post format-standard-image\">\r\n    <div class=\"blog-post_wrapper\"><div class=\"blog-post_media\"><div class=\"blog-post_media_part\"><a href=\"https:\/\/sosa.sk\/?p=4378\" class=\"media-link image-overlay\"><img decoding=\"async\" src=\"https:\/\/sosa.sk\/wp-content\/uploads\/2023\/11\/adam_krovina_clen_sosa-300x300.jpg\" alt=\"adam_krovina_clen_sosa\"><\/a><\/div><\/div>    <div class=\"blog-post_content\"><h3 class=\"blog-post_title\"><a href=\"https:\/\/sosa.sk\/?p=4378\">Adam Krovina<\/a><\/h3><div class=\"blog-post_text\">\u010clen SOSA<\/div><div class=\"clear\"><\/div><div class=\"blog-post_footer\">    <\/div>\r\n    <\/div>\r\n    <\/div>\r\n    <\/div>\r\n    <\/div>    <div class=\"item wgl_col-4\">\r\n    <div class=\"blog-post format-standard-image\">\r\n    <div class=\"blog-post_wrapper\"><div class=\"blog-post_media\"><div class=\"blog-post_media_part\"><a href=\"https:\/\/sosa.sk\/?p=4381\" class=\"media-link image-overlay\"><img decoding=\"async\" src=\"https:\/\/sosa.sk\/wp-content\/uploads\/2023\/11\/marcel_frajt_clen_sosa-300x300.jpg\" alt=\"marcel_frajt_clen_sosa\"><\/a><\/div><\/div>    <div class=\"blog-post_content\"><h3 class=\"blog-post_title\"><a href=\"https:\/\/sosa.sk\/?p=4381\">Marcel Frajt<\/a><\/h3><div class=\"blog-post_text\">\u010clen SOSA<\/div><div class=\"clear\"><\/div><div class=\"blog-post_footer\">    <\/div>\r\n    <\/div>\r\n    <\/div>\r\n    <\/div>\r\n    <\/div>    <div class=\"item wgl_col-4\">\r\n    <div class=\"blog-post format-standard-image\">\r\n    <div class=\"blog-post_wrapper\"><div class=\"blog-post_media\"><div class=\"blog-post_media_part\"><a href=\"https:\/\/sosa.sk\/?p=4393\" class=\"media-link image-overlay\"><img decoding=\"async\" src=\"https:\/\/sosa.sk\/wp-content\/uploads\/2023\/11\/samuel_toman_clen_sosa-300x300.jpg\" alt=\"samuel_toman_clen_sosa\"><\/a><\/div><\/div>    <div class=\"blog-post_content\"><h3 class=\"blog-post_title\"><a href=\"https:\/\/sosa.sk\/?p=4393\">Samuel Toman<\/a><\/h3><div class=\"blog-post_text\">\u010clen SOSA<\/div><div class=\"clear\"><\/div><div class=\"blog-post_footer\">    <\/div>\r\n    <\/div>\r\n    <\/div>\r\n    <\/div>\r\n    <\/div>    <div class=\"item wgl_col-4\">\r\n    <div class=\"blog-post format-standard-image\">\r\n    <div class=\"blog-post_wrapper\"><div class=\"blog-post_media\"><div class=\"blog-post_media_part\"><a href=\"https:\/\/sosa.sk\/?p=4396\" class=\"media-link image-overlay\"><img decoding=\"async\" src=\"https:\/\/sosa.sk\/wp-content\/uploads\/2023\/11\/michak_zajacek_clen_sosa-300x300.jpg\" alt=\"michak_zajacek_clen_sosa\"><\/a><\/div><\/div>    <div class=\"blog-post_content\"><h3 class=\"blog-post_title\"><a href=\"https:\/\/sosa.sk\/?p=4396\">Michal Zaja\u010dek<\/a><\/h3><div class=\"blog-post_text\">\u010clen SOSA<\/div><div class=\"clear\"><\/div><div class=\"blog-post_footer\">    <\/div>\r\n    <\/div>\r\n    <\/div>\r\n    <\/div>\r\n    <\/div>    <div class=\"item wgl_col-4\">\r\n    <div class=\"blog-post format-standard-image\">\r\n    <div class=\"blog-post_wrapper\"><div class=\"blog-post_media\"><div class=\"blog-post_media_part\"><a href=\"https:\/\/sosa.sk\/?p=4399\" class=\"media-link image-overlay\"><img decoding=\"async\" src=\"https:\/\/sosa.sk\/wp-content\/uploads\/2023\/11\/lukas_obermajer_clen_sosa-300x300.jpg\" alt=\"lukas_obermajer_clen_sosa\"><\/a><\/div><\/div>    <div class=\"blog-post_content\"><h3 class=\"blog-post_title\"><a href=\"https:\/\/sosa.sk\/?p=4399\">Luk\u00e1\u0161 Obermajer<\/a><\/h3><div class=\"blog-post_text\">\u010clen SOSA<\/div><div class=\"clear\"><\/div><div class=\"blog-post_footer\">    <\/div>\r\n    <\/div>\r\n    <\/div>\r\n    <\/div>\r\n    <\/div>    <div class=\"item wgl_col-4\">\r\n    <div class=\"blog-post format-standard-image\">\r\n    <div class=\"blog-post_wrapper\"><div class=\"blog-post_media\"><div class=\"blog-post_media_part\"><a href=\"https:\/\/sosa.sk\/?p=4402\" class=\"media-link image-overlay\"><img decoding=\"async\" src=\"https:\/\/sosa.sk\/wp-content\/uploads\/2023\/11\/silvia_sabovikova_clen_sosa-300x300.jpg\" alt=\"silvia_sabovikova_clen_sosa\"><\/a><\/div><\/div>    <div class=\"blog-post_content\"><h3 class=\"blog-post_title\"><a href=\"https:\/\/sosa.sk\/?p=4402\">Silvia Sabov\u00edkov\u00e1<\/a><\/h3><div class=\"blog-post_text\">\u010clenka SOSA<\/div><div class=\"clear\"><\/div><div class=\"blog-post_footer\">    <\/div>\r\n    <\/div>\r\n    <\/div>\r\n    <\/div>\r\n    <\/div>    <div class=\"item wgl_col-4\">\r\n    <div class=\"blog-post format-standard-image\">\r\n    <div class=\"blog-post_wrapper\"><div class=\"blog-post_media\"><div class=\"blog-post_media_part\"><a href=\"https:\/\/sosa.sk\/?p=4408\" class=\"media-link image-overlay\"><img decoding=\"async\" src=\"https:\/\/sosa.sk\/wp-content\/uploads\/2023\/11\/dalimir_pistansky_clen_sosa-300x300.jpg\" alt=\"dalimir_pistansky_clen_sosa\"><\/a><\/div><\/div>    <div class=\"blog-post_content\"><h3 class=\"blog-post_title\"><a href=\"https:\/\/sosa.sk\/?p=4408\">Dalim\u00edr Pi\u0161\u0165ansk\u00fd<\/a><\/h3><div class=\"blog-post_text\">\u010clen SOSA<\/div><div class=\"clear\"><\/div><div class=\"blog-post_footer\">    <\/div>\r\n    <\/div>\r\n    <\/div>\r\n    <\/div>\r\n    <\/div>    <div class=\"item wgl_col-4\">\r\n    <div class=\"blog-post format-standard-image\">\r\n    <div class=\"blog-post_wrapper\"><div class=\"blog-post_media\"><div class=\"blog-post_media_part\"><a href=\"https:\/\/sosa.sk\/?p=4375\" class=\"media-link image-overlay\"><img decoding=\"async\" src=\"https:\/\/sosa.sk\/wp-content\/uploads\/2023\/11\/miroslav_smelko_clen_sosa-300x300.jpg\" alt=\"miroslav_smelko_clen_sosa\"><\/a><\/div><\/div>    <div class=\"blog-post_content\"><h3 class=\"blog-post_title\"><a href=\"https:\/\/sosa.sk\/?p=4375\">Miroslav \u0160melko<\/a><\/h3><div class=\"blog-post_text\">\u010clen SOSA<\/div><div class=\"clear\"><\/div><div class=\"blog-post_footer\">    <\/div>\r\n    <\/div>\r\n    <\/div>\r\n    <\/div>\r\n    <\/div>    <div class=\"item wgl_col-4\">\r\n    <div class=\"blog-post format-standard-image\">\r\n    <div class=\"blog-post_wrapper\"><div class=\"blog-post_media\"><div class=\"blog-post_media_part\"><a href=\"https:\/\/sosa.sk\/?p=4411\" class=\"media-link image-overlay\"><img decoding=\"async\" src=\"https:\/\/sosa.sk\/wp-content\/uploads\/2023\/11\/robert_vokal_clen_sosa-300x300.jpg\" alt=\"robert_vokal_clen_sosa\"><\/a><\/div><\/div>    <div class=\"blog-post_content\"><h3 class=\"blog-post_title\"><a href=\"https:\/\/sosa.sk\/?p=4411\">R\u00f3bert Vok\u00e1l<\/a><\/h3><div class=\"blog-post_text\">\u010clen SOSA<\/div><div class=\"clear\"><\/div><div class=\"blog-post_footer\">    <\/div>\r\n    <\/div>\r\n    <\/div>\r\n    <\/div>\r\n    <\/div>    <div class=\"item wgl_col-4\">\r\n    <div class=\"blog-post format-standard-image\">\r\n    <div class=\"blog-post_wrapper\"><div class=\"blog-post_media\"><div class=\"blog-post_media_part\"><a href=\"https:\/\/sosa.sk\/?p=4414\" class=\"media-link image-overlay\"><img decoding=\"async\" src=\"https:\/\/sosa.sk\/wp-content\/uploads\/2023\/11\/beata_plaskurova_clen_sosa-300x300.jpg\" alt=\"beata_plaskurova_clen_sosa\"><\/a><\/div><\/div>    <div class=\"blog-post_content\"><h3 class=\"blog-post_title\"><a href=\"https:\/\/sosa.sk\/?p=4414\">Beata Plaskurov\u00e1<\/a><\/h3><div class=\"blog-post_text\">\u010clenka SOSA<\/div><div class=\"clear\"><\/div><div class=\"blog-post_footer\">    <\/div>\r\n    <\/div>\r\n    <\/div>\r\n    <\/div>\r\n    <\/div><\/div><\/div><\/section>\t\t<\/div>\n\t\t\t\t<\/div>\n\t\t\t\t\t<\/div>\n\t\t\t\t<\/div>\n\t\t\t\t<\/div>\n\t\t","protected":false},"excerpt":{"rendered":"<p>M2M Solutions Technologick\u00e1 spolo\u010dnos\u0165, ktor\u00e1 sa venuje&#8230; Jakub Kapu\u0161 Predseda Slovenskej organiz\u00e1cie pre vesm\u00edrne&#8230; Norbert Werner Ambas\u00e1dor Slovenskej organiz\u00e1cie pre vesm\u00edrne&#8230; Libor Len\u017ea Ambas\u00e1dor Slovenskej organiz\u00e1cie pre vesm\u00edrne&#8230; Miroslav \u0160melko Je mene\u017e\u00e9rom vzdel\u00e1vania na Leteckej fakulte&#8230; Adam Krovina Vy\u0161tudoval meraciu a informa\u010dn\u00fa techniku na FEI&#8230; Marcel Frajt Podpredseda Slovenskej organiz\u00e1cie pre vesm\u00edrne&#8230; Monika Kubi\u010d\u00e1kov\u00e1 Tajomn\u00ed\u010dka [&hellip;]<\/p>\n","protected":false},"author":1,"featured_media":0,"parent":0,"menu_order":0,"comment_status":"closed","ping_status":"closed","template":"","meta":{"footnotes":""},"class_list":["post-4302","page","type-page","status-publish","hentry"],"yoast_head":"<!-- This site is optimized with the Yoast SEO plugin v26.9 - https:\/\/yoast.com\/product\/yoast-seo-wordpress\/ -->\n<title>Na\u0161i \u010dlenovia - Slovensk\u00e1 organiz\u00e1cia pre vesm\u00edrne aktivity<\/title>\n<meta name=\"robots\" content=\"index, follow, max-snippet:-1, max-image-preview:large, max-video-preview:-1\" \/>\n<link rel=\"canonical\" href=\"https:\/\/sosa.sk\/?page_id=4302\" \/>\n<meta property=\"og:locale\" content=\"sk_SK\" \/>\n<meta property=\"og:type\" content=\"article\" \/>\n<meta property=\"og:title\" content=\"Na\u0161i \u010dlenovia - Slovensk\u00e1 organiz\u00e1cia pre vesm\u00edrne aktivity\" \/>\n<meta property=\"og:description\" content=\"M2M Solutions Technologick\u00e1 spolo\u010dnos\u0165, ktor\u00e1 sa venuje&#8230; Jakub Kapu\u0161 Predseda Slovenskej organiz\u00e1cie pre vesm\u00edrne&#8230; Norbert Werner Ambas\u00e1dor Slovenskej organiz\u00e1cie pre vesm\u00edrne&#8230; Libor Len\u017ea Ambas\u00e1dor Slovenskej organiz\u00e1cie pre vesm\u00edrne&#8230; Miroslav \u0160melko Je mene\u017e\u00e9rom vzdel\u00e1vania na Leteckej fakulte&#8230; Adam Krovina Vy\u0161tudoval meraciu a informa\u010dn\u00fa techniku na FEI&#8230; Marcel Frajt Podpredseda Slovenskej organiz\u00e1cie pre vesm\u00edrne&#8230; Monika Kubi\u010d\u00e1kov\u00e1 Tajomn\u00ed\u010dka [&hellip;]\" \/>\n<meta property=\"og:url\" content=\"https:\/\/sosa.sk\/?page_id=4302\" \/>\n<meta property=\"og:site_name\" content=\"Slovensk\u00e1 organiz\u00e1cia pre vesm\u00edrne aktivity\" \/>\n<meta property=\"article:modified_time\" content=\"2024-01-10T12:49:55+00:00\" \/>\n<meta property=\"og:image\" content=\"https:\/\/sosa.sk\/wp-content\/uploads\/2023\/11\/m2m_solutions_logo-300x300.png\" \/>\n<meta name=\"twitter:card\" content=\"summary_large_image\" \/>\n<meta name=\"twitter:label1\" content=\"Predpokladan\u00fd \u010das \u010d\u00edtania\" \/>\n\t<meta name=\"twitter:data1\" content=\"5 min\u00fat\" \/>\n<script type=\"application\/ld+json\" class=\"yoast-schema-graph\">{\"@context\":\"https:\/\/schema.org\",\"@graph\":[{\"@type\":\"WebPage\",\"@id\":\"https:\/\/sosa.sk\/?page_id=4302\",\"url\":\"https:\/\/sosa.sk\/?page_id=4302\",\"name\":\"Na\u0161i \u010dlenovia - Slovensk\u00e1 organiz\u00e1cia pre vesm\u00edrne aktivity\",\"isPartOf\":{\"@id\":\"https:\/\/sosa.sk\/#website\"},\"primaryImageOfPage\":{\"@id\":\"https:\/\/sosa.sk\/?page_id=4302#primaryimage\"},\"image\":{\"@id\":\"https:\/\/sosa.sk\/?page_id=4302#primaryimage\"},\"thumbnailUrl\":\"https:\/\/sosa.sk\/wp-content\/uploads\/2023\/11\/m2m_solutions_logo-300x300.png\",\"datePublished\":\"2023-11-09T22:41:38+00:00\",\"dateModified\":\"2024-01-10T12:49:55+00:00\",\"breadcrumb\":{\"@id\":\"https:\/\/sosa.sk\/?page_id=4302#breadcrumb\"},\"inLanguage\":\"sk-SK\",\"potentialAction\":[{\"@type\":\"ReadAction\",\"target\":[\"https:\/\/sosa.sk\/?page_id=4302\"]}]},{\"@type\":\"ImageObject\",\"inLanguage\":\"sk-SK\",\"@id\":\"https:\/\/sosa.sk\/?page_id=4302#primaryimage\",\"url\":\"https:\/\/sosa.sk\/wp-content\/uploads\/2023\/11\/m2m_solutions_logo.png\",\"contentUrl\":\"https:\/\/sosa.sk\/wp-content\/uploads\/2023\/11\/m2m_solutions_logo.png\",\"width\":300,\"height\":174},{\"@type\":\"BreadcrumbList\",\"@id\":\"https:\/\/sosa.sk\/?page_id=4302#breadcrumb\",\"itemListElement\":[{\"@type\":\"ListItem\",\"position\":1,\"name\":\"Domovsk\u00e1 str\u00e1nka\",\"item\":\"https:\/\/sosa.sk\/\"},{\"@type\":\"ListItem\",\"position\":2,\"name\":\"Na\u0161i \u010dlenovia\"}]},{\"@type\":\"WebSite\",\"@id\":\"https:\/\/sosa.sk\/#website\",\"url\":\"https:\/\/sosa.sk\/\",\"name\":\"Slovensk\u00e1 organiz\u00e1cia pre vesm\u00edrne aktivity\",\"description\":\"Slovensk\u00e1 organiz\u00e1cia pre vesm\u00edrne aktivity vznikla v roku 2009 z iniciat\u00edvy nieko\u013ek\u00fdch mlad\u00fdch \u013eud\u00ed ako ob\u010dianske zdru\u017eenie. Po vzore a sk\u00fasenostiach zo zahrani\u010dia sme chceli vytvori\u0165 priestor, ktor\u00fd bude sp\u00e1ja\u0165 \u0161tudentov, v\u00fdskumn\u00edkov, amat\u00e9rov \u2013 \u013eud\u00ed r\u00f4zneho veku a vzdelania, no so spolo\u010dnou v\u00e1\u0161\u0148ou, ktorou je vesm\u00edr.\",\"potentialAction\":[{\"@type\":\"SearchAction\",\"target\":{\"@type\":\"EntryPoint\",\"urlTemplate\":\"https:\/\/sosa.sk\/?s={search_term_string}\"},\"query-input\":{\"@type\":\"PropertyValueSpecification\",\"valueRequired\":true,\"valueName\":\"search_term_string\"}}],\"inLanguage\":\"sk-SK\"}]}<\/script>\n<!-- \/ Yoast SEO plugin. -->","yoast_head_json":{"title":"Na\u0161i \u010dlenovia - Slovensk\u00e1 organiz\u00e1cia pre vesm\u00edrne aktivity","robots":{"index":"index","follow":"follow","max-snippet":"max-snippet:-1","max-image-preview":"max-image-preview:large","max-video-preview":"max-video-preview:-1"},"canonical":"https:\/\/sosa.sk\/?page_id=4302","og_locale":"sk_SK","og_type":"article","og_title":"Na\u0161i \u010dlenovia - Slovensk\u00e1 organiz\u00e1cia pre vesm\u00edrne aktivity","og_description":"M2M Solutions Technologick\u00e1 spolo\u010dnos\u0165, ktor\u00e1 sa venuje&#8230; Jakub Kapu\u0161 Predseda Slovenskej organiz\u00e1cie pre vesm\u00edrne&#8230; Norbert Werner Ambas\u00e1dor Slovenskej organiz\u00e1cie pre vesm\u00edrne&#8230; Libor Len\u017ea Ambas\u00e1dor Slovenskej organiz\u00e1cie pre vesm\u00edrne&#8230; Miroslav \u0160melko Je mene\u017e\u00e9rom vzdel\u00e1vania na Leteckej fakulte&#8230; Adam Krovina Vy\u0161tudoval meraciu a informa\u010dn\u00fa techniku na FEI&#8230; Marcel Frajt Podpredseda Slovenskej organiz\u00e1cie pre vesm\u00edrne&#8230; Monika Kubi\u010d\u00e1kov\u00e1 Tajomn\u00ed\u010dka [&hellip;]","og_url":"https:\/\/sosa.sk\/?page_id=4302","og_site_name":"Slovensk\u00e1 organiz\u00e1cia pre vesm\u00edrne aktivity","article_modified_time":"2024-01-10T12:49:55+00:00","og_image":[{"url":"https:\/\/sosa.sk\/wp-content\/uploads\/2023\/11\/m2m_solutions_logo-300x300.png","type":"","width":"","height":""}],"twitter_card":"summary_large_image","twitter_misc":{"Predpokladan\u00fd \u010das \u010d\u00edtania":"5 min\u00fat"},"schema":{"@context":"https:\/\/schema.org","@graph":[{"@type":"WebPage","@id":"https:\/\/sosa.sk\/?page_id=4302","url":"https:\/\/sosa.sk\/?page_id=4302","name":"Na\u0161i \u010dlenovia - Slovensk\u00e1 organiz\u00e1cia pre vesm\u00edrne aktivity","isPartOf":{"@id":"https:\/\/sosa.sk\/#website"},"primaryImageOfPage":{"@id":"https:\/\/sosa.sk\/?page_id=4302#primaryimage"},"image":{"@id":"https:\/\/sosa.sk\/?page_id=4302#primaryimage"},"thumbnailUrl":"https:\/\/sosa.sk\/wp-content\/uploads\/2023\/11\/m2m_solutions_logo-300x300.png","datePublished":"2023-11-09T22:41:38+00:00","dateModified":"2024-01-10T12:49:55+00:00","breadcrumb":{"@id":"https:\/\/sosa.sk\/?page_id=4302#breadcrumb"},"inLanguage":"sk-SK","potentialAction":[{"@type":"ReadAction","target":["https:\/\/sosa.sk\/?page_id=4302"]}]},{"@type":"ImageObject","inLanguage":"sk-SK","@id":"https:\/\/sosa.sk\/?page_id=4302#primaryimage","url":"https:\/\/sosa.sk\/wp-content\/uploads\/2023\/11\/m2m_solutions_logo.png","contentUrl":"https:\/\/sosa.sk\/wp-content\/uploads\/2023\/11\/m2m_solutions_logo.png","width":300,"height":174},{"@type":"BreadcrumbList","@id":"https:\/\/sosa.sk\/?page_id=4302#breadcrumb","itemListElement":[{"@type":"ListItem","position":1,"name":"Domovsk\u00e1 str\u00e1nka","item":"https:\/\/sosa.sk\/"},{"@type":"ListItem","position":2,"name":"Na\u0161i \u010dlenovia"}]},{"@type":"WebSite","@id":"https:\/\/sosa.sk\/#website","url":"https:\/\/sosa.sk\/","name":"Slovensk\u00e1 organiz\u00e1cia pre vesm\u00edrne aktivity","description":"Slovensk\u00e1 organiz\u00e1cia pre vesm\u00edrne aktivity vznikla v roku 2009 z iniciat\u00edvy nieko\u013ek\u00fdch mlad\u00fdch \u013eud\u00ed ako ob\u010dianske zdru\u017eenie. Po vzore a sk\u00fasenostiach zo zahrani\u010dia sme chceli vytvori\u0165 priestor, ktor\u00fd bude sp\u00e1ja\u0165 \u0161tudentov, v\u00fdskumn\u00edkov, amat\u00e9rov \u2013 \u013eud\u00ed r\u00f4zneho veku a vzdelania, no so spolo\u010dnou v\u00e1\u0161\u0148ou, ktorou je vesm\u00edr.","potentialAction":[{"@type":"SearchAction","target":{"@type":"EntryPoint","urlTemplate":"https:\/\/sosa.sk\/?s={search_term_string}"},"query-input":{"@type":"PropertyValueSpecification","valueRequired":true,"valueName":"search_term_string"}}],"inLanguage":"sk-SK"}]}},"_links":{"self":[{"href":"https:\/\/sosa.sk\/index.php?rest_route=\/wp\/v2\/pages\/4302","targetHints":{"allow":["GET"]}}],"collection":[{"href":"https:\/\/sosa.sk\/index.php?rest_route=\/wp\/v2\/pages"}],"about":[{"href":"https:\/\/sosa.sk\/index.php?rest_route=\/wp\/v2\/types\/page"}],"author":[{"embeddable":true,"href":"https:\/\/sosa.sk\/index.php?rest_route=\/wp\/v2\/users\/1"}],"replies":[{"embeddable":true,"href":"https:\/\/sosa.sk\/index.php?rest_route=%2Fwp%2Fv2%2Fcomments&post=4302"}],"version-history":[{"count":0,"href":"https:\/\/sosa.sk\/index.php?rest_route=\/wp\/v2\/pages\/4302\/revisions"}],"wp:attachment":[{"href":"https:\/\/sosa.sk\/index.php?rest_route=%2Fwp%2Fv2%2Fmedia&parent=4302"}],"curies":[{"name":"wp","href":"https:\/\/api.w.org\/{rel}","templated":true}]}}