{"id":4245,"date":"2023-11-09T22:59:45","date_gmt":"2023-11-09T21:59:45","guid":{"rendered":"https:\/\/sosa.sk\/?page_id=4245"},"modified":"2025-04-01T17:38:15","modified_gmt":"2025-04-01T15:38:15","slug":"elementor-4245","status":"publish","type":"page","link":"https:\/\/sosa.sk\/","title":{"rendered":"Slovak Organisation for Space Activities"},"content":{"rendered":"\t\t<div data-elementor-type=\"wp-page\" data-elementor-id=\"4245\" class=\"elementor elementor-4245\">\n\t\t\t\t<div class=\"elementor-element elementor-element-26c78f3 e-flex e-con-boxed e-con e-parent\" data-id=\"26c78f3\" data-element_type=\"container\" id=\"particles-js\" data-settings=\"{&quot;background_background&quot;:&quot;classic&quot;}\">\n\t\t\t\t\t<div class=\"e-con-inner\">\n\t\t\t\t<div class=\"elementor-element elementor-element-b918aac elementor-widget elementor-widget-image\" data-id=\"b918aac\" data-element_type=\"widget\" data-widget_type=\"image.default\">\n\t\t\t\t<div class=\"elementor-widget-container\">\n\t\t\t\t\t\t\t\t\t\t\t\t\t<img fetchpriority=\"high\" decoding=\"async\" width=\"1024\" height=\"1024\" src=\"https:\/\/sosa.sk\/wp-content\/uploads\/2024\/09\/Slovak-Organisation-for-Space-Activities-6b-1024x1024.png\" class=\"attachment-large size-large wp-image-4997\" alt=\"\" srcset=\"https:\/\/sosa.sk\/wp-content\/uploads\/2024\/09\/Slovak-Organisation-for-Space-Activities-6b-1024x1024.png 1024w, https:\/\/sosa.sk\/wp-content\/uploads\/2024\/09\/Slovak-Organisation-for-Space-Activities-6b-300x300.png 300w, https:\/\/sosa.sk\/wp-content\/uploads\/2024\/09\/Slovak-Organisation-for-Space-Activities-6b-150x150.png 150w, https:\/\/sosa.sk\/wp-content\/uploads\/2024\/09\/Slovak-Organisation-for-Space-Activities-6b-768x768.png 768w, https:\/\/sosa.sk\/wp-content\/uploads\/2024\/09\/Slovak-Organisation-for-Space-Activities-6b-1536x1536.png 1536w, https:\/\/sosa.sk\/wp-content\/uploads\/2024\/09\/Slovak-Organisation-for-Space-Activities-6b-2048x2048.png 2048w\" sizes=\"(max-width: 1024px) 100vw, 1024px\" \/>\t\t\t\t\t\t\t\t\t\t\t\t\t<\/div>\n\t\t\t\t<\/div>\n\t\t\t\t<div class=\"elementor-element elementor-element-927565b elementor-widget elementor-widget-heading\" data-id=\"927565b\" data-element_type=\"widget\" data-widget_type=\"heading.default\">\n\t\t\t\t<div class=\"elementor-widget-container\">\n\t\t\t<h1 class=\"elementor-heading-title elementor-size-default\">Va\u0161a cesta do vesm\u00edru za\u010d\u00edna u n\u00e1s.<\/h1>\t\t<\/div>\n\t\t\t\t<\/div>\n\t\t\t\t<div class=\"elementor-element elementor-element-abef4fe elementor-widget elementor-widget-heading\" data-id=\"abef4fe\" data-element_type=\"widget\" data-widget_type=\"heading.default\">\n\t\t\t\t<div class=\"elementor-widget-container\">\n\t\t\t<h5 class=\"elementor-heading-title elementor-size-default\">Poodporujeme vesm\u00edrny v\u00fdskum, vzdel\u00e1vanie, inov\u00e1cie a zdru\u017eujeme\nvesm\u00edrnych nad\u0161encov a odborn\u00edkov.<\/h5>\t\t<\/div>\n\t\t\t\t<\/div>\n\t\t<div class=\"elementor-element elementor-element-f7764ca e-grid e-con-full e-con e-child\" data-id=\"f7764ca\" data-element_type=\"container\">\n\t\t\t\t<div class=\"elementor-element elementor-element-533cabd elementor-button-info elementor-align-right elementor-widget elementor-widget-button\" data-id=\"533cabd\" data-element_type=\"widget\" data-widget_type=\"button.default\">\n\t\t\t\t<div class=\"elementor-widget-container\">\n\t\t\t\t\t\t\t<div class=\"elementor-button-wrapper\">\n\t\t\t\t\t<a class=\"elementor-button elementor-button-link elementor-size-sm\" href=\"https:\/\/sosa.sk\/?page_id=4300\">\n\t\t\t\t\t\t<span class=\"elementor-button-content-wrapper\">\n\t\t\t\t\t\t\t\t\t<span class=\"elementor-button-text\">PRIDAJ SA K N\u00c1M<\/span>\n\t\t\t\t\t<\/span>\n\t\t\t\t\t<\/a>\n\t\t\t\t<\/div>\n\t\t\t\t\t\t<\/div>\n\t\t\t\t<\/div>\n\t\t\t\t<div class=\"elementor-element elementor-element-e90d819 elementor-button-info elementor-align-left elementor-widget elementor-widget-button\" data-id=\"e90d819\" data-element_type=\"widget\" data-widget_type=\"button.default\">\n\t\t\t\t<div class=\"elementor-widget-container\">\n\t\t\t\t\t\t\t<div class=\"elementor-button-wrapper\">\n\t\t\t\t\t<a class=\"elementor-button elementor-button-link elementor-size-sm\" href=\"https:\/\/www.patreon.com\/c\/slovakspace\/\">\n\t\t\t\t\t\t<span class=\"elementor-button-content-wrapper\">\n\t\t\t\t\t\t\t\t\t<span class=\"elementor-button-text\">PODPOR N\u00c1S<\/span>\n\t\t\t\t\t<\/span>\n\t\t\t\t\t<\/a>\n\t\t\t\t<\/div>\n\t\t\t\t\t\t<\/div>\n\t\t\t\t<\/div>\n\t\t\t\t<\/div>\n\t\t\t\t\t<\/div>\n\t\t\t\t<\/div>\n\t\t\t\t<\/div>\n\t\t","protected":false},"excerpt":{"rendered":"<p>Va\u0161a cesta do vesm\u00edru za\u010d\u00edna u n\u00e1s. Poodporujeme vesm\u00edrny v\u00fdskum, vzdel\u00e1vanie, inov\u00e1cie a zdru\u017eujeme vesm\u00edrnych nad\u0161encov a odborn\u00edkov. PRIDAJ SA K N\u00c1M PODPOR N\u00c1S<\/p>\n","protected":false},"author":1,"featured_media":5025,"parent":0,"menu_order":0,"comment_status":"closed","ping_status":"closed","template":"homepage-clean.php","meta":{"footnotes":""},"class_list":["post-4245","page","type-page","status-publish","has-post-thumbnail","hentry"],"yoast_head":"<!-- This site is optimized with the Yoast SEO plugin v26.9 - https:\/\/yoast.com\/product\/yoast-seo-wordpress\/ -->\n<title>Slovak Organisation for Space Activities - Slovensk\u00e1 organiz\u00e1cia pre vesm\u00edrne aktivity<\/title>\n<meta name=\"robots\" content=\"index, follow, max-snippet:-1, max-image-preview:large, max-video-preview:-1\" \/>\n<link rel=\"canonical\" href=\"https:\/\/sosa.sk\/\" \/>\n<meta property=\"og:locale\" content=\"sk_SK\" \/>\n<meta property=\"og:type\" content=\"article\" \/>\n<meta property=\"og:title\" content=\"Slovak Organisation for Space Activities - Slovensk\u00e1 organiz\u00e1cia pre vesm\u00edrne aktivity\" \/>\n<meta property=\"og:description\" content=\"Va\u0161a cesta do vesm\u00edru za\u010d\u00edna u n\u00e1s. Poodporujeme vesm\u00edrny v\u00fdskum, vzdel\u00e1vanie, inov\u00e1cie a zdru\u017eujeme vesm\u00edrnych nad\u0161encov a odborn\u00edkov. PRIDAJ SA K N\u00c1M PODPOR N\u00c1S\" \/>\n<meta property=\"og:url\" content=\"https:\/\/sosa.sk\/\" \/>\n<meta property=\"og:site_name\" content=\"Slovensk\u00e1 organiz\u00e1cia pre vesm\u00edrne aktivity\" \/>\n<meta property=\"article:modified_time\" content=\"2025-04-01T15:38:15+00:00\" \/>\n<meta property=\"og:image\" content=\"https:\/\/sosa.sk\/wp-content\/uploads\/2025\/02\/DALL\u00b7E-2025-02-19-15.59.11-A-very-simple-and-clean-wide-angle-space-themed-background-with-a-smooth-gradient-from-dark-blue-to-black.-Few-small-soft-glowing-stars-scattered-sub.webp\" \/>\n\t<meta property=\"og:image:width\" content=\"1792\" \/>\n\t<meta property=\"og:image:height\" content=\"1024\" \/>\n\t<meta property=\"og:image:type\" content=\"image\/webp\" \/>\n<meta name=\"twitter:card\" content=\"summary_large_image\" \/>\n<meta name=\"twitter:label1\" content=\"Predpokladan\u00fd \u010das \u010d\u00edtania\" \/>\n\t<meta name=\"twitter:data1\" content=\"1 min\u00fata\" \/>\n<script type=\"application\/ld+json\" class=\"yoast-schema-graph\">{\"@context\":\"https:\/\/schema.org\",\"@graph\":[{\"@type\":\"WebPage\",\"@id\":\"https:\/\/sosa.sk\/\",\"url\":\"https:\/\/sosa.sk\/\",\"name\":\"Slovak Organisation for Space Activities - Slovensk\u00e1 organiz\u00e1cia pre vesm\u00edrne aktivity\",\"isPartOf\":{\"@id\":\"https:\/\/sosa.sk\/#website\"},\"primaryImageOfPage\":{\"@id\":\"https:\/\/sosa.sk\/#primaryimage\"},\"image\":{\"@id\":\"https:\/\/sosa.sk\/#primaryimage\"},\"thumbnailUrl\":\"https:\/\/sosa.sk\/wp-content\/uploads\/2025\/02\/DALL\u00b7E-2025-02-19-15.59.11-A-very-simple-and-clean-wide-angle-space-themed-background-with-a-smooth-gradient-from-dark-blue-to-black.-Few-small-soft-glowing-stars-scattered-sub.webp\",\"datePublished\":\"2023-11-09T21:59:45+00:00\",\"dateModified\":\"2025-04-01T15:38:15+00:00\",\"breadcrumb\":{\"@id\":\"https:\/\/sosa.sk\/#breadcrumb\"},\"inLanguage\":\"sk-SK\",\"potentialAction\":[{\"@type\":\"ReadAction\",\"target\":[\"https:\/\/sosa.sk\/\"]}]},{\"@type\":\"ImageObject\",\"inLanguage\":\"sk-SK\",\"@id\":\"https:\/\/sosa.sk\/#primaryimage\",\"url\":\"https:\/\/sosa.sk\/wp-content\/uploads\/2025\/02\/DALL\u00b7E-2025-02-19-15.59.11-A-very-simple-and-clean-wide-angle-space-themed-background-with-a-smooth-gradient-from-dark-blue-to-black.-Few-small-soft-glowing-stars-scattered-sub.webp\",\"contentUrl\":\"https:\/\/sosa.sk\/wp-content\/uploads\/2025\/02\/DALL\u00b7E-2025-02-19-15.59.11-A-very-simple-and-clean-wide-angle-space-themed-background-with-a-smooth-gradient-from-dark-blue-to-black.-Few-small-soft-glowing-stars-scattered-sub.webp\",\"width\":1792,\"height\":1024},{\"@type\":\"BreadcrumbList\",\"@id\":\"https:\/\/sosa.sk\/#breadcrumb\",\"itemListElement\":[{\"@type\":\"ListItem\",\"position\":1,\"name\":\"Domovsk\u00e1 str\u00e1nka\",\"item\":\"https:\/\/sosa.sk\/\"},{\"@type\":\"ListItem\",\"position\":2,\"name\":\"Slovak Organisation for Space Activities\"}]},{\"@type\":\"WebSite\",\"@id\":\"https:\/\/sosa.sk\/#website\",\"url\":\"https:\/\/sosa.sk\/\",\"name\":\"Slovensk\u00e1 organiz\u00e1cia pre vesm\u00edrne aktivity\",\"description\":\"Slovensk\u00e1 organiz\u00e1cia pre vesm\u00edrne aktivity vznikla v roku 2009 z iniciat\u00edvy nieko\u013ek\u00fdch mlad\u00fdch \u013eud\u00ed ako ob\u010dianske zdru\u017eenie. Po vzore a sk\u00fasenostiach zo zahrani\u010dia sme chceli vytvori\u0165 priestor, ktor\u00fd bude sp\u00e1ja\u0165 \u0161tudentov, v\u00fdskumn\u00edkov, amat\u00e9rov \u2013 \u013eud\u00ed r\u00f4zneho veku a vzdelania, no so spolo\u010dnou v\u00e1\u0161\u0148ou, ktorou je vesm\u00edr.\",\"potentialAction\":[{\"@type\":\"SearchAction\",\"target\":{\"@type\":\"EntryPoint\",\"urlTemplate\":\"https:\/\/sosa.sk\/?s={search_term_string}\"},\"query-input\":{\"@type\":\"PropertyValueSpecification\",\"valueRequired\":true,\"valueName\":\"search_term_string\"}}],\"inLanguage\":\"sk-SK\"}]}<\/script>\n<!-- \/ Yoast SEO plugin. -->","yoast_head_json":{"title":"Slovak Organisation for Space Activities - Slovensk\u00e1 organiz\u00e1cia pre vesm\u00edrne aktivity","robots":{"index":"index","follow":"follow","max-snippet":"max-snippet:-1","max-image-preview":"max-image-preview:large","max-video-preview":"max-video-preview:-1"},"canonical":"https:\/\/sosa.sk\/","og_locale":"sk_SK","og_type":"article","og_title":"Slovak Organisation for Space Activities - Slovensk\u00e1 organiz\u00e1cia pre vesm\u00edrne aktivity","og_description":"Va\u0161a cesta do vesm\u00edru za\u010d\u00edna u n\u00e1s. Poodporujeme vesm\u00edrny v\u00fdskum, vzdel\u00e1vanie, inov\u00e1cie a zdru\u017eujeme vesm\u00edrnych nad\u0161encov a odborn\u00edkov. PRIDAJ SA K N\u00c1M PODPOR N\u00c1S","og_url":"https:\/\/sosa.sk\/","og_site_name":"Slovensk\u00e1 organiz\u00e1cia pre vesm\u00edrne aktivity","article_modified_time":"2025-04-01T15:38:15+00:00","og_image":[{"width":1792,"height":1024,"url":"https:\/\/sosa.sk\/wp-content\/uploads\/2025\/02\/DALL\u00b7E-2025-02-19-15.59.11-A-very-simple-and-clean-wide-angle-space-themed-background-with-a-smooth-gradient-from-dark-blue-to-black.-Few-small-soft-glowing-stars-scattered-sub.webp","type":"image\/webp"}],"twitter_card":"summary_large_image","twitter_misc":{"Predpokladan\u00fd \u010das \u010d\u00edtania":"1 min\u00fata"},"schema":{"@context":"https:\/\/schema.org","@graph":[{"@type":"WebPage","@id":"https:\/\/sosa.sk\/","url":"https:\/\/sosa.sk\/","name":"Slovak Organisation for Space Activities - Slovensk\u00e1 organiz\u00e1cia pre vesm\u00edrne aktivity","isPartOf":{"@id":"https:\/\/sosa.sk\/#website"},"primaryImageOfPage":{"@id":"https:\/\/sosa.sk\/#primaryimage"},"image":{"@id":"https:\/\/sosa.sk\/#primaryimage"},"thumbnailUrl":"https:\/\/sosa.sk\/wp-content\/uploads\/2025\/02\/DALL\u00b7E-2025-02-19-15.59.11-A-very-simple-and-clean-wide-angle-space-themed-background-with-a-smooth-gradient-from-dark-blue-to-black.-Few-small-soft-glowing-stars-scattered-sub.webp","datePublished":"2023-11-09T21:59:45+00:00","dateModified":"2025-04-01T15:38:15+00:00","breadcrumb":{"@id":"https:\/\/sosa.sk\/#breadcrumb"},"inLanguage":"sk-SK","potentialAction":[{"@type":"ReadAction","target":["https:\/\/sosa.sk\/"]}]},{"@type":"ImageObject","inLanguage":"sk-SK","@id":"https:\/\/sosa.sk\/#primaryimage","url":"https:\/\/sosa.sk\/wp-content\/uploads\/2025\/02\/DALL\u00b7E-2025-02-19-15.59.11-A-very-simple-and-clean-wide-angle-space-themed-background-with-a-smooth-gradient-from-dark-blue-to-black.-Few-small-soft-glowing-stars-scattered-sub.webp","contentUrl":"https:\/\/sosa.sk\/wp-content\/uploads\/2025\/02\/DALL\u00b7E-2025-02-19-15.59.11-A-very-simple-and-clean-wide-angle-space-themed-background-with-a-smooth-gradient-from-dark-blue-to-black.-Few-small-soft-glowing-stars-scattered-sub.webp","width":1792,"height":1024},{"@type":"BreadcrumbList","@id":"https:\/\/sosa.sk\/#breadcrumb","itemListElement":[{"@type":"ListItem","position":1,"name":"Domovsk\u00e1 str\u00e1nka","item":"https:\/\/sosa.sk\/"},{"@type":"ListItem","position":2,"name":"Slovak Organisation for Space Activities"}]},{"@type":"WebSite","@id":"https:\/\/sosa.sk\/#website","url":"https:\/\/sosa.sk\/","name":"Slovensk\u00e1 organiz\u00e1cia pre vesm\u00edrne aktivity","description":"Slovensk\u00e1 organiz\u00e1cia pre vesm\u00edrne aktivity vznikla v roku 2009 z iniciat\u00edvy nieko\u013ek\u00fdch mlad\u00fdch \u013eud\u00ed ako ob\u010dianske zdru\u017eenie. Po vzore a sk\u00fasenostiach zo zahrani\u010dia sme chceli vytvori\u0165 priestor, ktor\u00fd bude sp\u00e1ja\u0165 \u0161tudentov, v\u00fdskumn\u00edkov, amat\u00e9rov \u2013 \u013eud\u00ed r\u00f4zneho veku a vzdelania, no so spolo\u010dnou v\u00e1\u0161\u0148ou, ktorou je vesm\u00edr.","potentialAction":[{"@type":"SearchAction","target":{"@type":"EntryPoint","urlTemplate":"https:\/\/sosa.sk\/?s={search_term_string}"},"query-input":{"@type":"PropertyValueSpecification","valueRequired":true,"valueName":"search_term_string"}}],"inLanguage":"sk-SK"}]}},"_links":{"self":[{"href":"https:\/\/sosa.sk\/index.php?rest_route=\/wp\/v2\/pages\/4245","targetHints":{"allow":["GET"]}}],"collection":[{"href":"https:\/\/sosa.sk\/index.php?rest_route=\/wp\/v2\/pages"}],"about":[{"href":"https:\/\/sosa.sk\/index.php?rest_route=\/wp\/v2\/types\/page"}],"author":[{"embeddable":true,"href":"https:\/\/sosa.sk\/index.php?rest_route=\/wp\/v2\/users\/1"}],"replies":[{"embeddable":true,"href":"https:\/\/sosa.sk\/index.php?rest_route=%2Fwp%2Fv2%2Fcomments&post=4245"}],"version-history":[{"count":0,"href":"https:\/\/sosa.sk\/index.php?rest_route=\/wp\/v2\/pages\/4245\/revisions"}],"wp:featuredmedia":[{"embeddable":true,"href":"https:\/\/sosa.sk\/index.php?rest_route=\/wp\/v2\/media\/5025"}],"wp:attachment":[{"href":"https:\/\/sosa.sk\/index.php?rest_route=%2Fwp%2Fv2%2Fmedia&parent=4245"}],"curies":[{"name":"wp","href":"https:\/\/api.w.org\/{rel}","templated":true}]}}